r of v and 8?
8
Suppose 2*y = y + 5*p - 21, 4*p - 41 = 3*y. Let b = y + 39. Suppose 1 = -2*c - 5*s + 20, 4*c - 29 = -s. Calculate the greatest common factor of b and c.
7
Let n = 26 - 6. Calculate the highest common factor of n and 100.
20
Suppose -185 = 4*q - 3*q. Let g = q + 284. Suppose 2*t + 1 - 19 = 0. Calculate the greatest common divisor of t and g.
9
Suppose p - 6*q = -q - 8, -2*q = -3*p + 41. What is the greatest common divisor of 153 and p?
17
Let q be (12/(-8))/(9/84). Let f be 408/42 - 4/q. Let b(z) = 6*z**2 + 2*z + 2. Let n be b(-4). Calculate the highest common divisor of f and n.
10
Suppose -288 = -5*a - 83. Suppose 4*f - 95 = a. Calculate the greatest common divisor of 51 and f.
17
Let r(l) = -l**3 + 10*l**2 - 11*l - 1. Let h = 22 - 14. Let f be r(h). What is the highest common divisor of 26 and f?
13
Let s(d) = 91*d**2. Suppose -3*o = -4*o - g + 1, -4 = -4*o + 2*g. Let b be s(o). Calculate the greatest common factor of b and 13.
13
Let c(n) = 3*n**2 + n. Let y be c(1). Suppose 0 = -5*i - y*m + 5, -5*i + i - m = -15. What is the greatest common divisor of i and 5?
5
Let g be (-2 + -22)/(6/(-9)). Let p be (-18 + 0)*(2 - (-25)/(-10)). What is the highest common divisor of g and p?
9
Suppose 8*j - 45 = 3*j. Suppose 72 = j*m - 7*m. What is the greatest common divisor of m and 4?
4
Let m(k) = k**3 + 6*k**2 - 7*k + 3. Let y be m(-7). Suppose -10 - 68 = -3*p + y*a, -4*a = 4*p - 96. What is the highest common divisor of p and 5?
5
Suppose 3*w - 8*w + 35 = 0. Let m be (w + -3 + -1)/3. Suppose 2*o - 4*d - 11 = o, 0 = -5*d. What is the greatest common factor of o and m?
1
Let l(w) = -2 + 2 - 3*w**2 + 4*w**2 + 4 + w. Let p be l(4). What is the highest common divisor of p and 120?
24
Let z = -173 + 305. Calculate the greatest common factor of 33 and z.
33
Let y(x) = x**3 + 8*x**2 + 7*x + 7. Let l be y(-6). Calculate the highest common divisor of 259 and l.
37
Let u(b) = 12*b**2 + 4*b + 2. Let c be u(-2). Let v(g) = g**2 + 5*g - 8. Let j be v(-7). Calculate the highest common divisor of j and c.
6
Suppose 4*x = -i - 106, 0 = -x - 0*x - i - 25. Let r = 29 + -96. Let o = x - r. What is the highest common divisor of o and 10?
10
Let q(k) = -k**2 - 2*k - 4. Let l be q(-4). Let v = l - -40. Calculate the highest common factor of 14 and v.
14
Let o = 2 - -15. What is the highest common factor of 85 and o?
17
Suppose -3*l + l = 4*x + 4, -4*l = -x - 19. Let r be x*(1 + -2) + 0. Suppose -3*d = 5*q, 3*d - 3 = -q - r*q. What is the greatest common divisor of 25 and d?
5
Suppose 52 = -137*x + 141*x. What is the greatest common divisor of 221 and x?
13
Let g = 322 - 170. What is the highest common divisor of 19 and g?
19
Let y(n) = n**2 + 20. Let m be y(0). Calculate the highest common factor of m and 220.
20
Let z be (4/(-8))/((-3)/120). Let p be 8/(-5)*z*-1. What is the highest common divisor of p and 8?
8
Let j = -13 - -8. Let c(o) = 2*o - 4*o - 9 + 11. Let u be c(j). Calculate the greatest common divisor of 12 and u.
12
Suppose -16 = 3*g - 4*g. Let t be 6*(704/(-12))/(-2). What is the highest common divisor of g and t?
16
Suppose -5*l - 6 = -36. Calculate the highest common factor of 48 and l.
6
Let r(c) = 3*c + 0 + 3 + c**2 + 9 - 11*c. Let f be r(-9). Suppose 0 = 2*i - 3 - f. What is the highest common factor of i and 12?
12
Suppose -o + 9 = 3. Let i be (-33)/(-6) + (-2)/4. Suppose i*p - o = 3*p. Calculate the greatest common divisor of p and 12.
3
Let w = -27 + 62. Let n = -15 + w. Let g = 197 + -187. Calculate the highest common factor of g and n.
10
Let j = -2 + 22. Let g be 44 + (22/(-6) - 1/3). What is the greatest common factor of g and j?
20
Let s = -51 + 61. What is the highest common divisor of 110 and s?
10
Let d be (-2)/10 - (-104)/20. Calculate the highest common divisor of d and 35.
5
Suppose 4*o + 17 = 5*s - 10*s, -2*s = 3*o + 11. Let i be (1 - 3)*(s - 0). What is the highest common divisor of 2 and i?
2
Let f(d) = -d**2 - 6*d + 1. Let b be f(-3). Let m(o) = o**2 - 13*o + 2. Let p be m(13). Calculate the highest common factor of b and p.
2
Let z = -3 + 7. Let n = 7 - z. Suppose 2*m + n*m = 75. What is the highest common divisor of 15 and m?
15
Suppose 4*d = 6 + 2, -4*c = -4*d - 36. What is the greatest common factor of 88 and c?
11
Let y(u) = 10*u - 16. Let d(x) = 2*x - 3. Let b(n) = -14*d(n) + 3*y(n). Let z be b(9). What is the highest common factor of z and 3?
3
Suppose -4*b = -78 + 14. What is the highest common factor of b and 48?
16
Suppose 24 = -4*n - 84. Let c be 2/(-9) - 2922/n. What is the highest common factor of 12 and c?
12
Suppose -3*p + k - 277 = -8*p, 0 = -3*p + k + 163. What is the greatest common divisor of p and 5?
5
Suppose 2 = -h + 5. Suppose -2*w + h*s = -216, -3*s = -0*s. Calculate the greatest common factor of 12 and w.
12
Let k = -62 - -76. Calculate the greatest common divisor of k and 70.
14
Let r be (-30)/50 + 146/10. Let j be (42/4)/((-2)/(-16)). What is the greatest common factor of j and r?
14
Let z be 16/(-72) - (-76)/18. Suppose -10 = -4*t + 3*t. What is the greatest common divisor of t and z?
2
Let t(z) = 10*z + 1. Let h be t(1). Suppose 0*m = 4*m + 8. Let l be m/5 - (-14)/10. Calculate the greatest common factor of h and l.
1
Let j be (-2)/(-3)*((-98)/(-4) - 2). Calculate the greatest common factor of j and 15.
15
Suppose 2*n + 4 = 4*n. Suppose 0 = -g - 0*g + 4*o + 7, 10 = 4*g + n*o. Suppose 0 = y - g*y + 160. Calculate the highest common factor of y and 10.
10
Let q(h) = h - 4. Let u(a) = 2*a - 5. Let k(y) = -3*q(y) + 2*u(y). Let f be k(-7). Let z = 10 + f. What is the greatest common divisor of z and 5?
5
Suppose 0 = -p + 81 + 23. Suppose 2*s + 2 = 0, -h - h - s = -25. Calculate the highest common factor of p and h.
13
Let x(p) = p**2 - 12*p - 3. Let i be x(-7). Calculate the highest common divisor of 10 and i.
10
Let y(m) = m**2 - 13*m - 18. Let d be y(15). Calculate the highest common divisor of 12 and d.
12
Suppose 11*y - 9*y = 60. What is the highest common factor of 75 and y?
15
Let o(z) be the first derivative of -z**4/4 + 2*z**3 + 2*z**2 - 7*z + 4. Let s be o(6). What is the greatest common factor of s and 85?
17
Let q(g) = -g**3 - 5*g**2 + 6*g + 6. Let k be q(-5). Let y be (32/k)/((-2)/39). What is the greatest common factor of y and 65?
13
Let o be 1*(-3 - -8 - 3). Suppose h - 4*i = o - 10, -3*h + 12 = -3*i. Let l = -1 + h. What is the highest common divisor of l and 49?
7
Suppose -2*u + 5*x = -76, -4*u - 9*x = -6*x - 204. Let m be ((-2)/(-4))/(2/128). Calculate the greatest common factor of u and m.
16
Suppose 14*k + 38 = 16*k. Calculate the greatest common divisor of k and 247.
19
Let s(x) = x**3 - 4*x**2 - 8*x + 3. Let n be s(6). Calculate the highest common divisor of 243 and n.
27
Let t(f) = -2*f**2 - 33*f - 31. Let q be t(-13). What is the greatest common factor of q and 40?
20
Let k(o) = o**2 + o + 4. Let t be k(-3). Calculate the greatest common divisor of 15 and t.
5
Let z(j) = 16*j - 3. Let i be z(3). Calculate the greatest common divisor of i and 18.
9
Let a = 8 - -4. Suppose -b + a = 2*b. Let m = -6 - -18. Calculate the highest common divisor of b and m.
4
Suppose -9*u = -0*u - 126. Calculate the greatest common divisor of u and 42.
14
Let m = -3 - 1. Let y = m + 6. Let j = y - -1. What is the greatest common divisor of 12 and j?
3
Let t(d) = -d**3 + 13*d**2 + d + 15. Let o be t(13). What is the greatest common divisor of 28 and o?
28
Let t(l) = l**3 - 2*l**2 + 2*l - 5. Let c be t(3). What is the highest common divisor of 50 and c?
10
Let l = -71 - -132. Calculate the highest common divisor of 549 and l.
61
Let r be 4*1/2 + 106. What is the greatest common factor of r and 27?
27
Let m be (-2 + -25)*((-15)/(-3))/(-5). Calculate the highest common divisor of m and 162.
27
Suppose -3*i + 15 = 2*o, i - 3*i = 2*o - 10. Let f = 4 + o. Suppose 56 = f*u - 4*h, 20 - 51 = -4*u - h. Calculate the highest common divisor of 99 and u.
9
Suppose k - l - 7 = -3*l, 59 = 2*k - 5*l. Let g(v) = 2*v - 5. Let x be g(4). Suppose -2*n - x*n + 425 = 0. What is the greatest common divisor of n and k?
17
Suppose -4*g - 3*o + 72 = 0, 5*g + 4*o = 55 + 36. What is the highest common factor of 10 and g?
5
Suppose 0 = -5*y + c - 0*c + 25, 2*y + 3 = 3*c. Let g be (-132)/8*(-4)/y. Calculate the greatest comm